he greatest common factor of 418 and 684.
38
Calculate the highest common factor of 36 and 96.
12
Calculate the greatest common divisor of 430 and 270.
10
Calculate the greatest common factor of 85 and 10.
5
What is the highest common factor of 78 and 39?
39
Calculate the greatest common divisor of 264 and 891.
33
What is the greatest common factor of 170 and 34?
34
Calculate the highest common factor of 62 and 194.
2
Calculate the greatest common factor of 10 and 55.
5
Calculate the greatest common factor of 305 and 11895.
305
What is the highest common factor of 3043 and 2864?
179
What is the greatest common factor of 202 and 32?
2
Calculate the highest common factor of 468 and 3060.
36
Calculate the highest common divisor of 36 and 1017.
9
What is the greatest common divisor of 19 and 1843?
19
What is the highest common divisor of 182 and 468?
26
What is the greatest common divisor of 42 and 49?
7
What is the highest common divisor of 2 and 628?
2
Calculate the highest common factor of 3647 and 63.
7
Calculate the highest common divisor of 39 and 2041.
13
What is the highest common factor of 360 and 225?
45
Calculate the greatest common factor of 476 and 35.
7
What is the highest common factor of 1938 and 476?
34
Calculate the greatest common divisor of 99 and 693.
99
Calculate the highest common factor of 48 and 1068.
12
What is the highest common factor of 832 and 5252?
52
What is the highest common factor of 512 and 640?
128
What is the greatest common divisor of 1806 and 231?
21
Calculate the greatest common factor of 2891 and 784.
49
What is the highest common factor of 1625 and 104?
13
Calculate the highest common factor of 390 and 2080.
130
Calculate the highest common factor of 5 and 8.
1
Calculate the greatest common divisor of 92 and 2622.
46
Calculate the highest common factor of 4840 and 44.
44
What is the greatest common factor of 133 and 19?
19
Calculate the greatest common divisor of 112 and 128.
16
What is the greatest common factor of 55 and 209?
11
What is the highest common factor of 90 and 110?
10
Calculate the highest common factor of 63 and 1470.
21
What is the highest common divisor of 280 and 56?
56
What is the greatest common factor of 8591 and 605?
121
Calculate the greatest common factor of 1460 and 100.
20
What is the highest common divisor of 10 and 130?
10
What is the greatest common factor of 88 and 396?
44
Calculate the highest common divisor of 25 and 125.
25
Calculate the highest common factor of 80 and 120.
40
What is the greatest common divisor of 18 and 1665?
9
Calculate the greatest common divisor of 50 and 90.
10
What is the highest common factor of 216 and 27?
27
Calculate the highest common factor of 204 and 255.
51
Calculate the greatest common factor of 36 and 3.
3
Calculate the highest common factor of 483 and 3703.
161
What is the greatest common factor of 57 and 1805?
19
Calculate the greatest common factor of 288 and 684.
36
Calculate the highest common factor of 63 and 147.
21
What is the greatest common divisor of 957 and 99?
33
What is the highest common divisor of 5369 and 28?
7
What is the greatest common factor of 143 and 11?
11
What is the highest common factor of 200 and 150?
50
Calculate the highest common divisor of 24 and 184.
8
What is the greatest common factor of 184 and 7889?
23
What is the greatest common divisor of 15 and 135?
15
Calculate the greatest common factor of 234 and 2.
2
What is the greatest common factor of 19 and 1691?
19
What is the highest common divisor of 11 and 20339?
11
Calculate the greatest common divisor of 7140 and 12.
12
Calculate the greatest common divisor of 66 and 2778.
6
Calculate the greatest common factor of 45 and 153.
9
What is the greatest common divisor of 104 and 104?
104
What is the greatest common divisor of 2775 and 111?
111
What is the greatest common divisor of 124 and 1054?
62
Calculate the greatest common factor of 357 and 105.
21
Calculate the greatest common divisor of 24 and 49656.
24
Calculate the highest common factor of 30 and 130.
10
Calculate the greatest common divisor of 56 and 924.
28
What is the greatest common divisor of 124 and 20?
4
Calculate the highest common factor of 161 and 207.
23
Calculate the greatest common factor of 438 and 1606.
146
Calculate the highest common factor of 62 and 1984.
62
Calculate the greatest common divisor of 442 and 78.
26
Calculate the greatest common divisor of 427 and 1403.
61
Calculate the greatest common divisor of 220 and 704.
44
What is the greatest common divisor of 1088 and 34?
34
Calculate the greatest common divisor of 633 and 26797.
211
What is the greatest common factor of 36 and 52?
4
Calculate the highest common factor of 4038 and 6.
6
Calculate the greatest common divisor of 325 and 3770.
65
Calculate the greatest common divisor of 57 and 4731.
57
What is the greatest common factor of 12880 and 420?
140
Calculate the highest common divisor of 91 and 5824.
91
Calculate the greatest common divisor of 3894 and 66.
66
Calculate the greatest common divisor of 3 and 9.
3
What is the greatest common factor of 30 and 360?
30
What is the greatest common factor of 11618 and 37?
37
Calculate the highest common factor of 7 and 329.
7
What is the greatest common factor of 84 and 868?
28
What is the highest common divisor of 667 and 145?
29
What is the highest common factor of 968 and 56?
8
Calculate the greatest common factor of 2224 and 144.
16
What is the greatest common divisor of 296 and 740?
148
What is the highest common factor of 5442 and 6?
6
Calculate the highest common factor of 14 and 38.
2
Calculate the greatest common divisor of 11 and 206.
1
What is the greatest common factor of 1608 and 2211?
201
What is the greatest common factor of 170 and 850?
170
What is the highest common divisor of 52 and 871?
13
Calculate the greatest common divisor of 425 and 51.
17
What is the highest common divisor of 5376 and 840?
168
Calculate the greatest common factor of 266 and 152.
38
What is the highest common divisor of 7 and 7427?
7
What is the highest common factor of 210 and 63?
21
Calculate the greatest common divisor of 8033 and 58.
29
Calculate the greatest common factor of 11 and 2.
1
Calculate the greatest common factor of 60 and 9060.
60
What is the greatest common divisor of 494 and 26?
26
What is the greatest common factor of 1311 and 69?
69
Calculate the highest common factor of 7 and 7.
7
Calculate the highest common factor of 99 and 19503.
99
Calculate the greatest common divisor of 225 and 9.
9
Calculate the highest common divisor of 787 and 1.
1
Calculate the greatest common divisor of 112 and 16.
16
What is the greatest common factor of 86 and 688?
86
What is the greatest common divisor of 20 and 4?
4
What is the highest common factor of 1411 and 166?
83
Calculate the highest common divisor of 36 and 108.
36
What is the greatest common factor of 169 and 767?
13
Calculate the highest common divisor of 275 and 21725.
275
Calculate the highest common factor of 38 and 703.
19
Calculate the greatest common divisor of 14 and 2.
2
Calculate the greatest common divisor of 25536 and 114.
114
What is the highest common factor of 28 and 148?
4
What is the highest common divisor of 33803 and 77?
77
Calculate the greatest common factor of 10 and 1355.
5
Calculate the highest common factor of 105 and 12.
3
Calculate the highest common divisor of 357 and 204.
51
Calculate the greatest common factor of 916 and 4.
4
What is the greatest common factor of 150 and 4260?
30
Calculate the greatest common factor of 28 and 1778.
14
Calculate the greatest common divisor of 7062 and 30.
6
Calculate the highest common divisor of 256 and 80.
16
What is the highest common factor of 1243 and 22?
11
Calculate the highest common factor of 308 and 36.
4
What is the greatest common factor of 132 and 12?
12
What is the greatest common divisor of 57 and 190?
19
What is the greatest common factor of 81 and 27?
27
What is the greatest common divisor of 8806 and 259?
259
Calculate the highest common factor of 85 and 410.
5
What is the highest common divisor of 190 and 30?
10
What is the highest common divisor of 30 and 10785?
15
Calculate the greatest common divisor of 14781 and 39.
39
What is the greatest